be 248064/(-627) + 8/(-22). Let z = -392 - y. What is the greatest common divisor of f and z?
2
Let h be (-4 + 2 + 197)*(-18)/(-27). Suppose b - 649 = -2*d, -4*d + 1044 = -3*b - 259. Calculate the greatest common factor of d and h.
65
Let b(o) = -2*o**2 - 370*o - 1631. Let c be b(-175). What is the highest common factor of 840 and c?
21
Suppose k + 3*z = 52, 30*k - 25*k + z - 246 = 0. Suppose -12 = 3*j, -4*u - 2*j - k = -5*u. Calculate the highest common factor of u and 164.
41
Suppose 0 = i + 50*o - 52*o - 992, 4*i + 2*o = 3928. What is the highest common divisor of i and 12?
12
Let c be 1/2 - (-194)/4. Suppose 3*l + 2*t - 60 = 0, -2*l - 4962 = 3*t - 5017. Calculate the greatest common divisor of c and l.
7
Let x = 762 + -521. Suppose -x = 7*a - 1074. What is the highest common factor of 17 and a?
17
Suppose 94*b - 40832 = 36*b. What is the greatest common divisor of 66 and b?
22
Suppose -60 = -2*x - 8*i, 14 + 4 = -x + 4*i. Let c(j) = 3*j**3 - 2*j**2 + 4*j - 3. Let b be c(2). What is the greatest common factor of x and b?
3
Suppose -10*w + 16*w + 372 = 0. Let s = 88 + w. Suppose -b + 59 + 6 = 0. Calculate the greatest common divisor of s and b.
13
Let l(q) = -5*q**2 + 303*q - 114. Let h be l(58). Calculate the greatest common factor of 130 and h.
10
Suppose -34*y - 1260 = -43*y. Let j(c) = -2*c**3 - 8*c**2 + 6. Let h be j(-5). What is the highest common divisor of y and h?
28
Let h be 5/10 + 11*1/(-2). Let k be (-351)/2*(h - -3)*1. Calculate the highest common divisor of 39 and k.
39
Suppose -16403 = -30*t - 2153. Let q = 122 - 97. Calculate the highest common divisor of q and t.
25
Let u be (-6 + 14 - (-96)/(-10))*(-15)/2. Calculate the highest common divisor of 129 and u.
3
Suppose 10*j - 303292 + 112042 = -20*j. Calculate the highest common divisor of 75 and j.
75
Let o(x) = 40*x**2 + 2*x. Let y be o(-3). Suppose -4*p - n + 3*n = -y, 75 = p - 5*n. What is the greatest common divisor of 20 and p?
10
Let g(x) = -13*x**3 + 4*x**2 - 4*x + 3. Let a be g(3). Let l be a/(-21)*7/1. Let t be 3 - (-4 + 5)*-33. What is the greatest common divisor of t and l?
36
Let d be (2/2)/(4/8). Suppose d*u = 1 + 9. Suppose u*y = 3 + 17. Calculate the highest common divisor of y and 1.
1
Let y(i) = i**3 + i**2 - 3*i - 1. Let c be y(-2). Let f(o) = -167 - o + 190 + 2*o. Let j be f(-18). Calculate the greatest common divisor of c and j.
1
Suppose h + 2*h + 29 = 5*t, h - 13 = -4*t. Let o be 1 + 2 + (-1 - 5)/h. Let x be 572/65 + 1/o. What is the greatest common factor of x and 45?
9
Suppose 2*c = 0, -2*c + 1056 = j - 7*c. Suppose 16*y = 5*y + j. Calculate the greatest common factor of y and 48.
48
Suppose 2*w - 3*b - 406 = 0, 168 = 4*w + 5*b - 600. Let v be (93*6/(-27))/(1/(-3)). Let y = w - v. What is the greatest common divisor of 90 and y?
45
Suppose 3*j = -5*k + 15401, 2*j + 17667 - 2251 = 5*k. What is the greatest common divisor of 138 and k?
46
Let x = 79 - -935. Calculate the highest common factor of x and 156.
78
Let p = 36393 + -33818. Calculate the greatest common divisor of 225 and p.
25
Suppose 3 = 7*a - 6*a. Suppose -2*m + a*m = 4*o + 40, -2*m + 95 = -5*o. Suppose 0 = 4*j - 116 + 68. Calculate the greatest common divisor of j and m.
12
Suppose -3*w + 135 = -12*w. Let r be (-1 + w)*1*-1. What is the greatest common divisor of 112 and r?
16
Let z be 22*(7 - (-100)/(-40)). What is the highest common factor of 603 and z?
9
Suppose 14*v + 73*v = 9680 + 2761. Calculate the highest common factor of 253 and v.
11
Let y = 809 - 766. Let m be y*(-92)/(-69)*(4 + 2). What is the highest common factor of 16 and m?
8
Suppose 5*b + 10 = 0, -6*h + 2*b + 118 = -3*h. Suppose 34 = -2*r + h. Let c(y) = 5*y - 7. Let j be c(2). What is the highest common factor of r and j?
1
Let w(i) = -13*i - 100. Let x be w(-17). Suppose -5*s - x = -2*j, -11*j - 38 = -12*j - 2*s. Calculate the highest common factor of j and 168.
24
Let p be (-2)/(-5)*7/35*1025. What is the greatest common divisor of p and 5945?
41
Suppose -4*n + s = -156, 0*n + 3*n + 4*s = 136. Let u(y) = y**2 + 23*y - 1048. Let j be u(23). What is the greatest common factor of n and j?
10
Let p(w) = -108*w + 54*w + 58*w + 28. Let v be p(-6). Let m be 9/(-2) + v - 206/(-4). What is the highest common divisor of m and 357?
51
Suppose -9964 = 28*t - 75*t. What is the highest common divisor of t and 4?
4
Suppose -45*z + 17688 = 7648 - 36985. What is the highest common factor of 440 and z?
55
Suppose -886 = -2*r - o, 4*r - o = 1245 + 533. Suppose 6*h - 5*b - 676 = 3*h, -2*h + 2*b = -r. What is the highest common factor of h and 62?
31
Let c be (-1)/((-113)/(-19) - 6)*24. What is the highest common factor of c and 24?
24
Let s be 942/14 - (21/(-28))/(63/(-24)). What is the highest common divisor of 31289 and s?
67
Suppose 70*o + 563 = 1269 + 2864. What is the greatest common factor of 24429 and o?
51
Let g = 477 - 456. Suppose -p = -3*r - 1 + 2, p - 2*r = 1. Suppose 3*o = p + 37. Calculate the highest common factor of o and g.
7
Suppose -4*d + 13 = -u + 91, -94 = 5*d - 3*u. Let l = 25 - d. Let i = l - 20. Calculate the highest common factor of 5 and i.
5
Let u be (-1)/(-2) + (-89)/(-2). Let g(r) = 17*r**2 - 38*r + 39. Let f be g(1). Calculate the highest common divisor of f and u.
9
Suppose -47*p = -54*p + 9849. Suppose 18*m - p = 1365. What is the highest common divisor of m and 22?
22
Let b = 7 + -13. Let v(u) = -u + 60. Let g be v(b). Suppose -11 + 51 = 2*y + c, -3*c + g = 3*y. What is the greatest common divisor of 162 and y?
18
Suppose -3439*p = -3473*p + 64056. Calculate the highest common factor of p and 156.
12
Suppose -6*q + 8*q + 10 = 0, -d = 2*q - 30. What is the highest common factor of d and 2560?
40
Let h be 10/(-9 + 14) + 32. Suppose -c = 11*n - 12*n - h, -2*n + 76 = 2*c. Calculate the greatest common factor of c and 564.
12
Suppose b + 3*f = 1134, 11*b - 4*f - 3389 = 8*b. Calculate the highest common divisor of b and 87.
87
Suppose 0*l - 2*l = -20. Let k be 1160/180 - (-132)/(-54). What is the highest common factor of k and l?
2
Let k(p) = -54*p + 827. Let i be k(10). What is the greatest common factor of i and 1025?
41
Let w be ((-1)/10*4)/(6/(-1650)). Suppose -2*o = -w + 82. Suppose 0 = -i + 2*i - 7. What is the greatest common factor of i and o?
7
Suppose -3*u = -7*u + 56. Suppose -10*n + 18*n = -72. Let v be (210/20)/(0 + n/(-84)). Calculate the highest common factor of v and u.
14
Let h = -27071 + 31346. What is the greatest common factor of 18 and h?
9
Suppose 228 - 147 = 24*h - 279. Calculate the greatest common factor of 8445 and h.
15
Let n = -99 + 103. Suppose -5*z + 59 = 3*d - d, 3*z + 53 = n*d. What is the highest common divisor of 119 and d?
17
Let w = -415 + 157. Let m = -252 - w. What is the greatest common divisor of 14 and m?
2
Suppose -21 + 61 = 4*r. Suppose -31*c + 33*c = 6, -3*n + 4*c = -213. Suppose -n = -11*o + 6*o. What is the greatest common divisor of o and r?
5
Let a = 13490 + -13476. Let i(o) be the first derivative of 11*o**3/3 + 2*o**2 + o - 2. Let b be i(3). Calculate the highest common factor of a and b.
14
Let j be (419/2)/(6/12). Let c = 452 - j. Calculate the highest common factor of 22 and c.
11
Suppose 2*y - 7*y = 0. Suppose 5*z - 10*z - 25 = y. Let r(s) = -5*s - 7. Let n be r(z). What is the greatest common factor of n and 72?
18
Let a(z) = 2*z**2 - 6 - 5 + 13*z - 13 - 3*z**2. Let k be a(13). Let x = -17 - k. Calculate the highest common factor of 1 and x.
1
Suppose -121*w + 39744 = 17*w. Calculate the highest common divisor of w and 492.
12
Let x be (2 - 20/16)/6 - (-142330)/688. Calculate the highest common divisor of 2507 and x.
23
Let b(u) = -u**3 - 13*u**2 + 8*u + 33. Let t be b(-15). Calculate the highest common divisor of 22 and t.
11
Suppose -4*l - 2*s = -10792, -5*s + 3871 = 2*l - 1533. What is the highest common factor of l and 87?
87
Let w(x) = -x**3 - 29*x**2 - 30*x - 14. Let t be w(-28). Let k be 4/t - 1403/(-483). Calculate the greatest common divisor of k and 10.
1
Let k = -27512 + 42351. What is the highest common divisor of k and 284?
71
Suppose -5*u + 61 - 16 = 0. Let l be (1 - -27) + -4 - (-18)/6. Calculate the greatest common divisor of u and l.
9
Suppose 837 = 3*g + 792. Let y = -48 + 3. Let a be (-894)/y - (-2)/15. Calculate the greatest common facto